{"id":54,"date":"2023-11-06T12:03:15","date_gmt":"2023-11-06T11:03:15","guid":{"rendered":"https:\/\/darkturquoise-armadillo-774562.hostingersite.com\/?page_id=54"},"modified":"2026-01-07T11:21:00","modified_gmt":"2026-01-07T10:21:00","slug":"accueil","status":"publish","type":"page","link":"https:\/\/scyh56.com\/","title":{"rendered":"Accueil"},"content":{"rendered":"\n<div class=\"wp-block-cover alignfull is-light\" style=\"min-height:507px\"><span aria-hidden=\"true\" class=\"wp-block-cover__background has-background-dim-20 has-background-dim\"><\/span><img decoding=\"async\" loading=\"lazy\" width=\"1440\" height=\"1080\" class=\"wp-block-cover__image-background wp-image-518\" alt=\"\" src=\"https:\/\/scyh56.com\/wp-content\/uploads\/2023\/11\/IMG_0794.jpg\" data-object-fit=\"cover\" srcset=\"https:\/\/scyh56.com\/wp-content\/uploads\/2023\/11\/IMG_0794.jpg 1440w, https:\/\/scyh56.com\/wp-content\/uploads\/2023\/11\/IMG_0794-300x225.jpg 300w, https:\/\/scyh56.com\/wp-content\/uploads\/2023\/11\/IMG_0794-1024x768.jpg 1024w, https:\/\/scyh56.com\/wp-content\/uploads\/2023\/11\/IMG_0794-768x576.jpg 768w\" sizes=\"(max-width: 1440px) 100vw, 1440px\" \/><div class=\"wp-block-cover__inner-container is-layout-flow wp-block-cover-is-layout-flow\">\n<div style=\"height:80px\" aria-hidden=\"true\" class=\"wp-block-spacer\"><\/div>\n\n\n\n<h1 class=\"wp-block-heading has-text-align-center has-text-color\" style=\"color:#f7f7f7\">Construire en bois<\/h1>\n\n\n\n<p class=\"has-text-align-center has-nv-light-bg-color has-text-color\" style=\"font-size:23px\">Sp\u00e9cialistes de la construction, extension et&nbsp;r\u00e9novation.<\/p>\n\n\n\n<div style=\"height:80px\" aria-hidden=\"true\" class=\"wp-block-spacer\"><\/div>\n<\/div><\/div>\n\n\n\n<div style=\"height:108px\" aria-hidden=\"true\" class=\"wp-block-spacer\"><\/div>\n\n\n\n<div class=\"wp-block-columns is-layout-flex wp-container-5 wp-block-columns-is-layout-flex\">\n<div class=\"wp-block-column is-layout-flow wp-block-column-is-layout-flow\"><div class=\"wp-block-image icon-style is-style-default\">\n<figure class=\"aligncenter size-full is-resized\"><img decoding=\"async\" loading=\"lazy\" width=\"512\" height=\"512\" src=\"https:\/\/scyh56.com\/wp-content\/uploads\/2023\/11\/croquis-de-la-maison.png\" alt=\"\" class=\"wp-image-148\" style=\"aspect-ratio:1;width:94px;height:auto\" srcset=\"https:\/\/scyh56.com\/wp-content\/uploads\/2023\/11\/croquis-de-la-maison.png 512w, https:\/\/scyh56.com\/wp-content\/uploads\/2023\/11\/croquis-de-la-maison-300x300.png 300w, https:\/\/scyh56.com\/wp-content\/uploads\/2023\/11\/croquis-de-la-maison-150x150.png 150w\" sizes=\"(max-width: 512px) 100vw, 512px\" \/><\/figure><\/div>\n\n\n<h3 class=\"wp-block-heading has-text-align-center has-neve-text-color-color has-text-color\">Construction<\/h3>\n\n\n\n<div style=\"height:20px\" aria-hidden=\"true\" class=\"wp-block-spacer\"><\/div>\n<\/div>\n\n\n\n<div class=\"wp-block-column is-layout-flow wp-block-column-is-layout-flow\"><div class=\"wp-block-image icon-style is-style-default\">\n<figure class=\"aligncenter size-full is-resized\"><img decoding=\"async\" loading=\"lazy\" width=\"512\" height=\"512\" src=\"http:\/\/darkturquoise-armadillo-774562.hostingersite.com\/wp-content\/uploads\/2023\/11\/extension.png\" alt=\"\" class=\"wp-image-155\" style=\"aspect-ratio:1;width:90px;height:auto\" srcset=\"https:\/\/scyh56.com\/wp-content\/uploads\/2023\/11\/extension.png 512w, https:\/\/scyh56.com\/wp-content\/uploads\/2023\/11\/extension-300x300.png 300w, https:\/\/scyh56.com\/wp-content\/uploads\/2023\/11\/extension-150x150.png 150w\" sizes=\"(max-width: 512px) 100vw, 512px\" \/><\/figure><\/div>\n\n\n<h3 class=\"wp-block-heading has-text-align-center has-neve-text-color-color has-text-color\">Extension<\/h3>\n\n\n\n<div style=\"height:20px\" aria-hidden=\"true\" class=\"wp-block-spacer\"><\/div>\n<\/div>\n\n\n\n<div class=\"wp-block-column is-layout-flow wp-block-column-is-layout-flow\"><div class=\"wp-block-image icon-style is-style-default\">\n<figure class=\"aligncenter size-full is-resized\"><img decoding=\"async\" loading=\"lazy\" width=\"512\" height=\"512\" src=\"https:\/\/scyh56.com\/wp-content\/uploads\/2023\/11\/renovation.png\" alt=\"\" class=\"wp-image-150\" style=\"aspect-ratio:1;width:86px;height:auto\" srcset=\"https:\/\/scyh56.com\/wp-content\/uploads\/2023\/11\/renovation.png 512w, https:\/\/scyh56.com\/wp-content\/uploads\/2023\/11\/renovation-300x300.png 300w, https:\/\/scyh56.com\/wp-content\/uploads\/2023\/11\/renovation-150x150.png 150w\" sizes=\"(max-width: 512px) 100vw, 512px\" \/><\/figure><\/div>\n\n\n<h3 class=\"wp-block-heading has-text-align-center has-neve-text-color-color has-text-color\">R\u00e9novation<\/h3>\n<\/div>\n<\/div>\n\n\n\n<p>Fond\u00e9e sur des valeurs de tradition, d&rsquo;engagement et de qualit\u00e9, SCYH incarne l&rsquo;expertise et le d\u00e9vouement d&rsquo;une entreprise familiale dans le domaine de la construction en bois, de la r\u00e9novation et des extensions. <\/p>\n\n\n\n<p>L\u2019\u00e9quipe de professionnels met \u00e0 disposition son exp\u00e9rience et son savoir-faire au service de vos projets, que vous soyez professionnel ou particulier.<\/p>\n\n\n\n<p>Nous travaillons en \u00e9troite collaboration avec les architectes et ma\u00eetres d&rsquo;\u0153uvre<em>, qui ont r\u00e9alis\u00e9 les plans<\/em>.<\/p>\n\n\n\n<p>L\u2019entreprise est bas\u00e9e \u00e0 Guidel et intervient sur l\u2019ensemble du Morbihan et du Finist\u00e8re.<\/p>\n\n\n\n<div style=\"height:20px\" aria-hidden=\"true\" class=\"wp-block-spacer\"><\/div>\n\n\n\n<div class=\"wp-block-cover alignfull\" style=\"min-height:600px\"><span aria-hidden=\"true\" class=\"wp-block-cover__background has-nv-light-bg-background-color has-background-dim-100 has-background-dim\"><\/span><div class=\"wp-block-cover__inner-container is-layout-flow wp-block-cover-is-layout-flow\">\n<div class=\"wp-block-group is-layout-flow wp-block-group-is-layout-flow\"><div class=\"wp-block-group__inner-container\">\n<div style=\"height:21px\" aria-hidden=\"true\" class=\"wp-block-spacer\"><\/div>\n\n\n\n<div class=\"wp-block-columns are-vertically-aligned-center is-layout-flex wp-container-9 wp-block-columns-is-layout-flex\">\n<div class=\"wp-block-column is-vertically-aligned-center is-layout-flow wp-block-column-is-layout-flow\" style=\"flex-basis:50%\">\n<figure class=\"wp-block-image size-large is-style-default\"><img decoding=\"async\" loading=\"lazy\" width=\"1024\" height=\"682\" src=\"https:\/\/scyh56.com\/wp-content\/uploads\/2023\/11\/lumber-84678_1280-1-1024x682.jpg\" alt=\"\" class=\"wp-image-246\" style=\"object-fit:contain\" srcset=\"https:\/\/scyh56.com\/wp-content\/uploads\/2023\/11\/lumber-84678_1280-1-1024x682.jpg 1024w, https:\/\/scyh56.com\/wp-content\/uploads\/2023\/11\/lumber-84678_1280-1-300x200.jpg 300w, https:\/\/scyh56.com\/wp-content\/uploads\/2023\/11\/lumber-84678_1280-1-768x512.jpg 768w, https:\/\/scyh56.com\/wp-content\/uploads\/2023\/11\/lumber-84678_1280-1-930x620.jpg 930w, https:\/\/scyh56.com\/wp-content\/uploads\/2023\/11\/lumber-84678_1280-1.jpg 1280w\" sizes=\"(max-width: 1024px) 100vw, 1024px\" \/><\/figure>\n<\/div>\n\n\n\n<div class=\"wp-block-column is-vertically-aligned-center is-layout-flow wp-block-column-is-layout-flow\" style=\"flex-basis:50%\">\n<div style=\"height:20px\" aria-hidden=\"true\" class=\"wp-block-spacer\"><\/div>\n\n\n\n<h1 class=\"wp-block-heading has-text-align-left has-neve-text-color-color has-text-color\" style=\"font-size:43px\">Notre Savoir-faire<\/h1>\n\n\n\n<p class=\"has-text-align-left has-neve-text-color-color has-text-color\" style=\"font-size:17px\">Des constructions en bois qui marient tradition et innovation, apportant ainsi une touche d&rsquo;excellence \u00e0 chaque projet.  <\/p>\n\n\n\n<ul class=\"has-neve-text-color-color has-text-color\">\n<li>Construction d\u2019habitation<\/li>\n\n\n\n<li>Extension<\/li>\n\n\n\n<li>R\u00e9novation <\/li>\n<\/ul>\n\n\n\n<div class=\"wp-block-buttons is-content-justification-left is-layout-flex wp-container-7 wp-block-buttons-is-layout-flex\">\n<div class=\"wp-block-button is-style-primary\"><a class=\"wp-block-button__link wp-element-button\" href=\"https:\/\/scyh56.com\/?page_id=58\">R\u00e9alisations<\/a><\/div>\n<\/div>\n<\/div>\n<\/div>\n\n\n\n<div style=\"height:40px\" aria-hidden=\"true\" class=\"wp-block-spacer\"><\/div>\n<\/div><\/div>\n<\/div><\/div>\n\n\n\n<div style=\"height:100px\" aria-hidden=\"true\" class=\"wp-block-spacer\"><\/div>\n\n\n\n<h2 class=\"wp-block-heading\" style=\"font-size:43px\">Nos M\u00e9tiers<\/h2>\n\n\n\n<div style=\"height:100px\" aria-hidden=\"true\" class=\"wp-block-spacer\"><\/div>\n\n\n\n<div class=\"wp-block-columns is-layout-flex wp-container-16 wp-block-columns-is-layout-flex\">\n<div class=\"wp-block-column is-layout-flow wp-block-column-is-layout-flow\"><div class=\"wp-block-image icon-style is-style-default\">\n<figure class=\"aligncenter size-full is-resized\"><img decoding=\"async\" loading=\"lazy\" width=\"512\" height=\"512\" src=\"https:\/\/scyh56.com\/wp-content\/uploads\/2023\/11\/maison-a-ossature.png\" alt=\"\" class=\"wp-image-456\" style=\"aspect-ratio:1;width:94px;height:auto\" srcset=\"https:\/\/scyh56.com\/wp-content\/uploads\/2023\/11\/maison-a-ossature.png 512w, https:\/\/scyh56.com\/wp-content\/uploads\/2023\/11\/maison-a-ossature-300x300.png 300w, https:\/\/scyh56.com\/wp-content\/uploads\/2023\/11\/maison-a-ossature-150x150.png 150w\" sizes=\"(max-width: 512px) 100vw, 512px\" \/><\/figure><\/div>\n\n\n<h3 class=\"wp-block-heading has-text-align-center has-neve-text-color-color has-text-color\" style=\"font-size:21px\">Ossature bois<\/h3>\n\n\n\n<div style=\"height:20px\" aria-hidden=\"true\" class=\"wp-block-spacer\"><\/div>\n<\/div>\n\n\n\n<div class=\"wp-block-column is-layout-flow wp-block-column-is-layout-flow\"><div class=\"wp-block-image icon-style is-style-default\">\n<figure class=\"aligncenter size-full is-resized\"><img decoding=\"async\" loading=\"lazy\" width=\"512\" height=\"512\" src=\"https:\/\/scyh56.com\/wp-content\/uploads\/2023\/11\/toit-2.png\" alt=\"\" class=\"wp-image-455\" style=\"aspect-ratio:1;width:90px;height:auto\" srcset=\"https:\/\/scyh56.com\/wp-content\/uploads\/2023\/11\/toit-2.png 512w, https:\/\/scyh56.com\/wp-content\/uploads\/2023\/11\/toit-2-300x300.png 300w, https:\/\/scyh56.com\/wp-content\/uploads\/2023\/11\/toit-2-150x150.png 150w\" sizes=\"(max-width: 512px) 100vw, 512px\" \/><\/figure><\/div>\n\n\n<h3 class=\"wp-block-heading has-text-align-center has-neve-text-color-color has-text-color\" style=\"font-size:21px\">Charpente<\/h3>\n\n\n\n<div style=\"height:20px\" aria-hidden=\"true\" class=\"wp-block-spacer\"><\/div>\n<\/div>\n\n\n\n<div class=\"wp-block-column is-layout-flow wp-block-column-is-layout-flow\"><div class=\"wp-block-image icon-style is-style-default\">\n<figure class=\"aligncenter size-full is-resized\"><img decoding=\"async\" loading=\"lazy\" width=\"512\" height=\"512\" src=\"https:\/\/scyh56.com\/wp-content\/uploads\/2023\/11\/reste-a-la-maison-1.png\" alt=\"\" class=\"wp-image-451\" style=\"aspect-ratio:1;width:86px;height:auto\" srcset=\"https:\/\/scyh56.com\/wp-content\/uploads\/2023\/11\/reste-a-la-maison-1.png 512w, https:\/\/scyh56.com\/wp-content\/uploads\/2023\/11\/reste-a-la-maison-1-300x300.png 300w, https:\/\/scyh56.com\/wp-content\/uploads\/2023\/11\/reste-a-la-maison-1-150x150.png 150w\" sizes=\"(max-width: 512px) 100vw, 512px\" \/><\/figure><\/div>\n\n\n<h3 class=\"wp-block-heading has-text-align-center has-neve-text-color-color has-text-color\" style=\"font-size:21px\">Isolation \/ Bardage Ext\u00e9rieur<\/h3>\n<\/div>\n\n\n\n<div class=\"wp-block-column is-layout-flow wp-block-column-is-layout-flow\"><div class=\"wp-block-image icon-style is-style-default\">\n<figure class=\"aligncenter size-full is-resized\"><img decoding=\"async\" loading=\"lazy\" width=\"512\" height=\"512\" src=\"https:\/\/scyh56.com\/wp-content\/uploads\/2023\/11\/terrasse.png\" alt=\"\" class=\"wp-image-453\" style=\"aspect-ratio:1;width:86px;height:auto\" srcset=\"https:\/\/scyh56.com\/wp-content\/uploads\/2023\/11\/terrasse.png 512w, https:\/\/scyh56.com\/wp-content\/uploads\/2023\/11\/terrasse-300x300.png 300w, https:\/\/scyh56.com\/wp-content\/uploads\/2023\/11\/terrasse-150x150.png 150w\" sizes=\"(max-width: 512px) 100vw, 512px\" \/><\/figure><\/div>\n\n\n<h3 class=\"wp-block-heading has-text-align-center has-neve-text-color-color has-text-color\" style=\"font-size:21px\">Terrasse<\/h3>\n<\/div>\n<\/div>\n\n\n\n<div class=\"wp-block-cover alignfull\" style=\"min-height:600px\"><span aria-hidden=\"true\" class=\"wp-block-cover__background has-nv-light-bg-background-color has-background-dim-100 has-background-dim\"><\/span><div class=\"wp-block-cover__inner-container is-layout-flow wp-block-cover-is-layout-flow\">\n<div class=\"wp-block-group is-layout-flow wp-block-group-is-layout-flow\"><div class=\"wp-block-group__inner-container\">\n<div style=\"height:21px\" aria-hidden=\"true\" class=\"wp-block-spacer\"><\/div>\n\n\n\n<div class=\"wp-block-columns are-vertically-aligned-center is-layout-flex wp-container-20 wp-block-columns-is-layout-flex\">\n<div class=\"wp-block-column is-vertically-aligned-center is-layout-flow wp-block-column-is-layout-flow\" style=\"flex-basis:50%\">\n<figure class=\"wp-block-image size-large\"><img decoding=\"async\" loading=\"lazy\" width=\"1024\" height=\"617\" src=\"https:\/\/scyh56.com\/wp-content\/uploads\/2023\/11\/carpentry-854287_1280-1024x617.jpg\" alt=\"\" class=\"wp-image-569\" srcset=\"https:\/\/scyh56.com\/wp-content\/uploads\/2023\/11\/carpentry-854287_1280-1024x617.jpg 1024w, https:\/\/scyh56.com\/wp-content\/uploads\/2023\/11\/carpentry-854287_1280-300x181.jpg 300w, https:\/\/scyh56.com\/wp-content\/uploads\/2023\/11\/carpentry-854287_1280-768x463.jpg 768w, https:\/\/scyh56.com\/wp-content\/uploads\/2023\/11\/carpentry-854287_1280.jpg 1280w\" sizes=\"(max-width: 1024px) 100vw, 1024px\" \/><\/figure>\n<\/div>\n\n\n\n<div class=\"wp-block-column is-vertically-aligned-center is-layout-flow wp-block-column-is-layout-flow\" style=\"flex-basis:50%\">\n<div style=\"height:20px\" aria-hidden=\"true\" class=\"wp-block-spacer\"><\/div>\n\n\n\n<h1 class=\"wp-block-heading has-text-align-left has-neve-text-color-color has-text-color\" style=\"font-size:43px\">Nos Engagements<\/h1>\n\n\n\n<p class=\"has-text-align-left has-neve-text-color-color has-text-color\" style=\"font-size:17px\">Notre mission est de garantir votre satisfaction. Nos valeurs sont l\u2019h\u00e9ritage de notre entreprise familiale, tourn\u00e9e vers la durabilit\u00e9, la s\u00e9curit\u00e9 et la qualit\u00e9.  <\/p>\n\n\n\n<ul class=\"has-neve-text-color-color has-text-color\" style=\"font-size:17px\">\n<li style=\"font-size:17px\">Des projets sur mesure&nbsp;<\/li>\n\n\n\n<li style=\"font-size:17px\">Un large choix de mat\u00e9riaux<\/li>\n\n\n\n<li style=\"font-size:17px\">Un r\u00e9seau de professionnels locaux<\/li>\n\n\n\n<li style=\"font-size:17px\">Des chantiers couverts par une garantie d\u00e9cennale<\/li>\n\n\n\n<li style=\"font-size:17px\">Du bois fran\u00e7ais et europ\u00e9en majoritairement<\/li>\n<\/ul>\n\n\n\n<div class=\"wp-block-buttons is-content-justification-left is-layout-flex wp-container-18 wp-block-buttons-is-layout-flex\">\n<div class=\"wp-block-button is-style-primary\"><a class=\"wp-block-button__link wp-element-button\" href=\"https:\/\/scyh56.com\/?page_id=55\">\u00c0 Propos<\/a><\/div>\n<\/div>\n<\/div>\n<\/div>\n\n\n\n<div style=\"height:40px\" aria-hidden=\"true\" class=\"wp-block-spacer\"><\/div>\n<\/div><\/div>\n\n\n\n<div style=\"height:20px\" aria-hidden=\"true\" class=\"wp-block-spacer\"><\/div>\n<\/div><\/div>\n\n\n\n<div style=\"height:50px\" aria-hidden=\"true\" class=\"wp-block-spacer\"><\/div>\n\n\n\n<div class=\"wp-block-columns is-layout-flex wp-container-27 wp-block-columns-is-layout-flex\">\n<div class=\"wp-block-column is-layout-flow wp-block-column-is-layout-flow\"><div class=\"wp-block-image icon-style is-style-default\">\n<figure class=\"aligncenter size-full is-resized\"><img decoding=\"async\" loading=\"lazy\" width=\"512\" height=\"512\" src=\"https:\/\/scyh56.com\/wp-content\/uploads\/2023\/11\/mallette.png\" alt=\"\" class=\"wp-image-651\" style=\"aspect-ratio:1;width:94px;height:auto\" srcset=\"https:\/\/scyh56.com\/wp-content\/uploads\/2023\/11\/mallette.png 512w, https:\/\/scyh56.com\/wp-content\/uploads\/2023\/11\/mallette-300x300.png 300w, https:\/\/scyh56.com\/wp-content\/uploads\/2023\/11\/mallette-150x150.png 150w\" sizes=\"(max-width: 512px) 100vw, 512px\" \/><\/figure><\/div>\n\n\n<h4 class=\"wp-block-heading has-text-align-center has-neve-text-color-color has-text-color\">+ 25 ans exp\u00e9rience<\/h4>\n\n\n\n<div style=\"height:20px\" aria-hidden=\"true\" class=\"wp-block-spacer\"><\/div>\n<\/div>\n\n\n\n<div class=\"wp-block-column is-layout-flow wp-block-column-is-layout-flow\"><div class=\"wp-block-image icon-style is-style-default\">\n<figure class=\"aligncenter size-full is-resized\"><img decoding=\"async\" loading=\"lazy\" width=\"512\" height=\"512\" src=\"https:\/\/scyh56.com\/wp-content\/uploads\/2023\/11\/tournevis.png\" alt=\"\" class=\"wp-image-650\" style=\"aspect-ratio:1;width:90px;height:auto\" srcset=\"https:\/\/scyh56.com\/wp-content\/uploads\/2023\/11\/tournevis.png 512w, https:\/\/scyh56.com\/wp-content\/uploads\/2023\/11\/tournevis-300x300.png 300w, https:\/\/scyh56.com\/wp-content\/uploads\/2023\/11\/tournevis-150x150.png 150w\" sizes=\"(max-width: 512px) 100vw, 512px\" \/><\/figure><\/div>\n\n\n<h4 class=\"wp-block-heading has-text-align-center has-neve-text-color-color has-text-color\">+ 1700m2 d\u2019atelier<\/h4>\n\n\n\n<div style=\"height:20px\" aria-hidden=\"true\" class=\"wp-block-spacer\"><\/div>\n<\/div>\n\n\n\n<div class=\"wp-block-column is-layout-flow wp-block-column-is-layout-flow\"><div class=\"wp-block-image icon-style is-style-default\">\n<figure class=\"aligncenter size-full is-resized\"><img decoding=\"async\" loading=\"lazy\" width=\"512\" height=\"512\" src=\"https:\/\/scyh56.com\/wp-content\/uploads\/2023\/11\/equipe.png\" alt=\"\" class=\"wp-image-649\" style=\"aspect-ratio:1;width:86px;height:auto\" srcset=\"https:\/\/scyh56.com\/wp-content\/uploads\/2023\/11\/equipe.png 512w, https:\/\/scyh56.com\/wp-content\/uploads\/2023\/11\/equipe-300x300.png 300w, https:\/\/scyh56.com\/wp-content\/uploads\/2023\/11\/equipe-150x150.png 150w\" sizes=\"(max-width: 512px) 100vw, 512px\" \/><\/figure><\/div>\n\n\n<h4 class=\"wp-block-heading has-text-align-center has-neve-text-color-color has-text-color\">20 collaborateurs<\/h4>\n\n\n\n<div style=\"height:20px\" aria-hidden=\"true\" class=\"wp-block-spacer\"><\/div>\n<\/div>\n\n\n\n<div class=\"wp-block-column is-layout-flow wp-block-column-is-layout-flow\"><div class=\"wp-block-image icon-style is-style-default\">\n<figure class=\"aligncenter size-full is-resized\"><img decoding=\"async\" loading=\"lazy\" width=\"512\" height=\"512\" src=\"https:\/\/scyh56.com\/wp-content\/uploads\/2023\/11\/symbole-de-la-maison.png\" alt=\"\" class=\"wp-image-648\" style=\"aspect-ratio:1;width:86px;height:auto\" srcset=\"https:\/\/scyh56.com\/wp-content\/uploads\/2023\/11\/symbole-de-la-maison.png 512w, https:\/\/scyh56.com\/wp-content\/uploads\/2023\/11\/symbole-de-la-maison-300x300.png 300w, https:\/\/scyh56.com\/wp-content\/uploads\/2023\/11\/symbole-de-la-maison-150x150.png 150w\" sizes=\"(max-width: 512px) 100vw, 512px\" \/><\/figure><\/div>\n\n\n<h4 class=\"wp-block-heading has-text-align-center has-neve-text-color-color has-text-color\">+ 220 r\u00e9alisations par an<\/h4>\n\n\n\n<div style=\"height:20px\" aria-hidden=\"true\" class=\"wp-block-spacer\"><\/div>\n<\/div>\n<\/div>\n\n\n\n<div class=\"wp-block-cover alignfull\" style=\"min-height:50px\"><span aria-hidden=\"true\" class=\"wp-block-cover__background has-nv-dark-bg-background-color has-background-dim-100 has-background-dim\"><\/span><div class=\"wp-block-cover__inner-container is-layout-flow wp-block-cover-is-layout-flow\">\n<div style=\"height:30px\" aria-hidden=\"true\" class=\"wp-block-spacer\"><\/div>\n\n\n\n<div class=\"wp-block-columns is-layout-flex wp-container-31 wp-block-columns-is-layout-flex\">\n<div class=\"wp-block-column is-layout-flow wp-block-column-is-layout-flow\" style=\"flex-basis:100%\">\n<h6 class=\"wp-block-heading has-text-align-center has-nv-text-dark-bg-color has-text-color has-medium-font-size\" style=\"text-transform:uppercase\">Avez-vous un projet ?<\/h6>\n\n\n\n<div class=\"wp-block-buttons is-content-justification-center is-layout-flex wp-container-28 wp-block-buttons-is-layout-flex\">\n<div class=\"wp-block-button\"><a class=\"wp-block-button__link has-nv-dark-bg-color has-nv-light-bg-background-color has-text-color has-background wp-element-button\" href=\"https:\/\/scyh56.com\/?page_id=56\">Contactez-nous<\/a><\/div>\n<\/div>\n\n\n\n<ul class=\"wp-block-social-links has-normal-icon-size has-icon-color has-icon-background-color is-horizontal is-content-justification-center is-layout-flex wp-container-29 wp-block-social-links-is-layout-flex\"><li style=\"color: var(--nv-dark-bg); background-color: var(--nv-site-bg); \" class=\"wp-social-link wp-social-link-instagram has-nv-dark-bg-color has-nv-site-bg-background-color wp-block-social-link\"><a rel=\" noopener nofollow\" target=\"_blank\" href=\"https:\/\/www.instagram.com\/scyh_charpente\/\" class=\"wp-block-social-link-anchor\"><svg width=\"24\" height=\"24\" viewBox=\"0 0 24 24\" version=\"1.1\" xmlns=\"http:\/\/www.w3.org\/2000\/svg\" aria-hidden=\"true\" focusable=\"false\"><path d=\"M12,4.622c2.403,0,2.688,0.009,3.637,0.052c0.877,0.04,1.354,0.187,1.671,0.31c0.42,0.163,0.72,0.358,1.035,0.673 c0.315,0.315,0.51,0.615,0.673,1.035c0.123,0.317,0.27,0.794,0.31,1.671c0.043,0.949,0.052,1.234,0.052,3.637 s-0.009,2.688-0.052,3.637c-0.04,0.877-0.187,1.354-0.31,1.671c-0.163,0.42-0.358,0.72-0.673,1.035 c-0.315,0.315-0.615,0.51-1.035,0.673c-0.317,0.123-0.794,0.27-1.671,0.31c-0.949,0.043-1.233,0.052-3.637,0.052 s-2.688-0.009-3.637-0.052c-0.877-0.04-1.354-0.187-1.671-0.31c-0.42-0.163-0.72-0.358-1.035-0.673 c-0.315-0.315-0.51-0.615-0.673-1.035c-0.123-0.317-0.27-0.794-0.31-1.671C4.631,14.688,4.622,14.403,4.622,12 s0.009-2.688,0.052-3.637c0.04-0.877,0.187-1.354,0.31-1.671c0.163-0.42,0.358-0.72,0.673-1.035 c0.315-0.315,0.615-0.51,1.035-0.673c0.317-0.123,0.794-0.27,1.671-0.31C9.312,4.631,9.597,4.622,12,4.622 M12,3 C9.556,3,9.249,3.01,8.289,3.054C7.331,3.098,6.677,3.25,6.105,3.472C5.513,3.702,5.011,4.01,4.511,4.511 c-0.5,0.5-0.808,1.002-1.038,1.594C3.25,6.677,3.098,7.331,3.054,8.289C3.01,9.249,3,9.556,3,12c0,2.444,0.01,2.751,0.054,3.711 c0.044,0.958,0.196,1.612,0.418,2.185c0.23,0.592,0.538,1.094,1.038,1.594c0.5,0.5,1.002,0.808,1.594,1.038 c0.572,0.222,1.227,0.375,2.185,0.418C9.249,20.99,9.556,21,12,21s2.751-0.01,3.711-0.054c0.958-0.044,1.612-0.196,2.185-0.418 c0.592-0.23,1.094-0.538,1.594-1.038c0.5-0.5,0.808-1.002,1.038-1.594c0.222-0.572,0.375-1.227,0.418-2.185 C20.99,14.751,21,14.444,21,12s-0.01-2.751-0.054-3.711c-0.044-0.958-0.196-1.612-0.418-2.185c-0.23-0.592-0.538-1.094-1.038-1.594 c-0.5-0.5-1.002-0.808-1.594-1.038c-0.572-0.222-1.227-0.375-2.185-0.418C14.751,3.01,14.444,3,12,3L12,3z M12,7.378 c-2.552,0-4.622,2.069-4.622,4.622S9.448,16.622,12,16.622s4.622-2.069,4.622-4.622S14.552,7.378,12,7.378z M12,15 c-1.657,0-3-1.343-3-3s1.343-3,3-3s3,1.343,3,3S13.657,15,12,15z M16.804,6.116c-0.596,0-1.08,0.484-1.08,1.08 s0.484,1.08,1.08,1.08c0.596,0,1.08-0.484,1.08-1.08S17.401,6.116,16.804,6.116z\"><\/path><\/svg><span class=\"wp-block-social-link-label screen-reader-text\">Instagram<\/span><\/a><\/li>\n\n<li style=\"color: var(--nv-dark-bg); background-color: var(--nv-site-bg); \" class=\"wp-social-link wp-social-link-linkedin has-nv-dark-bg-color has-nv-site-bg-background-color wp-block-social-link\"><a rel=\" noopener nofollow\" target=\"_blank\" href=\"https:\/\/www.linkedin.com\/company\/scyh\/\" class=\"wp-block-social-link-anchor\"><svg width=\"24\" height=\"24\" viewBox=\"0 0 24 24\" version=\"1.1\" xmlns=\"http:\/\/www.w3.org\/2000\/svg\" aria-hidden=\"true\" focusable=\"false\"><path d=\"M19.7,3H4.3C3.582,3,3,3.582,3,4.3v15.4C3,20.418,3.582,21,4.3,21h15.4c0.718,0,1.3-0.582,1.3-1.3V4.3 C21,3.582,20.418,3,19.7,3z M8.339,18.338H5.667v-8.59h2.672V18.338z M7.004,8.574c-0.857,0-1.549-0.694-1.549-1.548 c0-0.855,0.691-1.548,1.549-1.548c0.854,0,1.547,0.694,1.547,1.548C8.551,7.881,7.858,8.574,7.004,8.574z M18.339,18.338h-2.669 v-4.177c0-0.996-0.017-2.278-1.387-2.278c-1.389,0-1.601,1.086-1.601,2.206v4.249h-2.667v-8.59h2.559v1.174h0.037 c0.356-0.675,1.227-1.387,2.526-1.387c2.703,0,3.203,1.779,3.203,4.092V18.338z\"><\/path><\/svg><span class=\"wp-block-social-link-label screen-reader-text\">LinkedIn<\/span><\/a><\/li><\/ul>\n<\/div>\n<\/div>\n<\/div><\/div>\n","protected":false},"excerpt":{"rendered":"<p>Construction Extension R\u00e9novation Fond\u00e9e sur des valeurs de tradition, d&rsquo;engagement et de qualit\u00e9, SCYH incarne l&rsquo;expertise et le d\u00e9vouement d&rsquo;une entreprise familiale dans le domaine de la construction en bois, de la r\u00e9novation et des extensions. L\u2019\u00e9quipe de professionnels met \u00e0 disposition son exp\u00e9rience et son savoir-faire au service de vos projets, que vous soyez&hellip;&nbsp;<a href=\"https:\/\/scyh56.com\/\" class=\"\" rel=\"bookmark\">Lire la suite &raquo;<span class=\"screen-reader-text\">Accueil<\/span><\/a><\/p>\n","protected":false},"author":1,"featured_media":0,"parent":0,"menu_order":0,"comment_status":"closed","ping_status":"closed","template":"","meta":{"neve_meta_sidebar":"","neve_meta_container":"","neve_meta_enable_content_width":"on","neve_meta_content_width":100,"neve_meta_title_alignment":"","neve_meta_author_avatar":"","neve_post_elements_order":"","neve_meta_disable_header":"","neve_meta_disable_footer":"","neve_meta_disable_title":"on","_ti_tpc_template_sync":false,"_ti_tpc_template_id":"","footnotes":""},"_links":{"self":[{"href":"https:\/\/scyh56.com\/index.php?rest_route=\/wp\/v2\/pages\/54"}],"collection":[{"href":"https:\/\/scyh56.com\/index.php?rest_route=\/wp\/v2\/pages"}],"about":[{"href":"https:\/\/scyh56.com\/index.php?rest_route=\/wp\/v2\/types\/page"}],"author":[{"embeddable":true,"href":"https:\/\/scyh56.com\/index.php?rest_route=\/wp\/v2\/users\/1"}],"replies":[{"embeddable":true,"href":"https:\/\/scyh56.com\/index.php?rest_route=%2Fwp%2Fv2%2Fcomments&post=54"}],"version-history":[{"count":97,"href":"https:\/\/scyh56.com\/index.php?rest_route=\/wp\/v2\/pages\/54\/revisions"}],"predecessor-version":[{"id":771,"href":"https:\/\/scyh56.com\/index.php?rest_route=\/wp\/v2\/pages\/54\/revisions\/771"}],"wp:attachment":[{"href":"https:\/\/scyh56.com\/index.php?rest_route=%2Fwp%2Fv2%2Fmedia&parent=54"}],"curies":[{"name":"wp","href":"https:\/\/api.w.org\/{rel}","templated":true}]}}